e the remainder when x is divided by 15.
14
Suppose -5*x = -3*s - 20, -3*x - x - 11 = 3*s. Let d be x*3*(-2)/(-3). Calculate the remainder when 34 - (-2)/(d/2) is divided by 13.
10
Let w(v) = -v + 2. Calculate the remainder when 17 is divided by w(-8).
7
What is the remainder when 224/6 + (-10)/(-15) is divided by 10?
8
Suppose -b = -3*y - 6 - 7, -4*b = 4*y - 36. Suppose 0 = -3*c + 14 + b. Suppose -5*j = -4*j - c. What is the remainder when 23 is divided by j?
7
Calculate the remainder when 46 is divided by 1 - 2 - 13*-1.
10
Suppose d - 5*q - 5 = 10, d + 3*q = -1. Let s = 19 + -16. Calculate the remainder when d is divided by s.
2
Suppose 0 = -4*v - 3*s - 8, 2 = 4*s + 18. Let w be 1/((-1)/v)*-8. Calculate the remainder when 190/w - 1/(-4) is divided by 13.
11
Suppose 0 = -5*v + 20, 0 = -3*q - 3*v + 783 + 3. What is the remainder when q is divided by 37?
36
Suppose 44 = u - 3*u. Let c = -10 - u. Suppose 6 = 2*d - 64. Calculate the remainder when d is divided by c.
11
Let b = 124 - 79. Calculate the remainder when b is divided by 12.
9
Suppose 0 = 2*o + 41 - 297. Suppose 4*v = 2*s - o, s + 5*v - 47 - 10 = 0. Calculate the remainder when s is divided by 16.
14
Let r = 1 - -20. Suppose 3 = 2*f - r. Suppose -24 + 57 = o. What is the remainder when o is divided by f?
9
Let w(b) = 9*b + 11. What is the remainder when w(4) is divided by 17?
13
Suppose 5*b - 24 = 3*b. Suppose -3*f + 3*p + 63 = -2*p, f - 1 = -5*p. Suppose 0 = 4*n - 124 - f. What is the remainder when n is divided by b?
11
What is the remainder when (-2)/2*(-54 + -17) is divided by 25?
21
Suppose q + 107 = -4*w - 32, 5*w + 4*q = -160. Let a = -25 - w. Suppose -2*f + 17 = -3*j, 5*f = f - j + 27. Calculate the remainder when a is divided by f.
4
Suppose 0 = -l - 18 + 6. Let j = l + 7. Let g = j + 10. What is the remainder when 8 is divided by g?
3
Let n(u) = -u**3 + u**2 + u + 5. Let b be n(0). Suppose -2*z - 5 - 36 = -5*y, 5*y - 35 = b*z. Calculate the remainder when y is divided by 3.
0
Calculate the remainder when (-2)/3 + (-132)/(-9) is divided by 2/((-90)/25 + 4).
4
Suppose 2*b - 8*u - 78 = -6*u, 3*b - 93 = -5*u. What is the remainder when 63 is divided by b?
27
Let i(n) be the third derivative of n**5/60 - n**4/6 - 7*n**3/6 - 2*n**2. Let c(k) = -k**2 - k + 18. Calculate the remainder when i(-6) is divided by c(0).
17
Suppose 18 = 2*x - 5*s, -12 - 24 = -4*x + 3*s. Suppose 0 = -4*t + x + 7. Calculate the remainder when 62/6 - 1/3 is divided by t.
2
Suppose 8 = 2*x, -x - 21 = -3*r - 2*r. Suppose 3*y - r*z = -11, -z = -5*y + 13 - 2. Suppose y*a - 103 + 22 = 0. What is the remainder when a is divided by 10?
7
Suppose -4*q + 32 = -2*n, 22 = 3*q - 0*n - 2*n. Calculate the remainder when 28 is divided by q.
8
Let h(b) = b**2 + 2*b + 17. Calculate the remainder when 163 is divided by h(-6).
40
Let n = 7 + -5. Calculate the remainder when 5 is divided by n.
1
Suppose -3*b - b + 5*i = -106, 5*b = -5*i + 110. Let x = b - -7. Calculate the remainder when x is divided by (-18 + -4)/(8/(-4)).
9
Suppose 0*x + x = -2*q + 12, 5*x + 17 = q. Suppose -21 - q = -2*s. What is the remainder when (-5 - 7)*20/(-6) is divided by s?
12
Let d = -16 - -24. Let r be -1 + -2 + (3 - -52). Suppose -2*v + r = a, 3*v = 2*a + 84 + d. What is the remainder when v is divided by 10?
8
Let t be (0 + 0 - -2) + -2. Suppose t = -2*j - j. Suppose -3*a - 9 = j, -h + 5*h - 1 = -a. Calculate the remainder when h is divided by 1.
0
Suppose 36 = 5*j + 4*b, 5*b - 19 - 1 = 0. Calculate the remainder when 5 is divided by j.
1
Let v(m) = -m**2 + 9*m - 11. Let y be v(8). Let i be (1/y)/(3/(-9)). Let n = i + 2. Calculate the remainder when 7 is divided by n.
1
Suppose -4*x - 28 = -s - 3*s, -x - 5*s + 17 = 0. What is the remainder when ((-9)/(-12))/(x/(-180)) is divided by 12?
9
Let g(x) = 66*x**3 - x**2. Let m be g(1). Suppose 0 = -8*c + 4*c + 2*t + 50, 4*c - m = -3*t. Let s = 118 + -79. What is the remainder when s is divided by c?
11
Calculate the remainder when 75/11 + (-12)/(-66) is divided by 2.
1
Let c(n) = -2*n + 34. Calculate the remainder when c(10) is divided by 9.
5
Let l = 8 - -1. What is the remainder when 17 is divided by l?
8
Let q = 37 + -22. Calculate the remainder when 28 is divided by q.
13
Suppose 4*c = 4*j + 4, 0*c - c + 1 = 4*j. Calculate the remainder when c is divided by 1.
0
Suppose 5*i = 3*o + 99, 2*i - 32 = -4*o - 8. Calculate the remainder when 48 is divided by i.
12
Let d be (0 + -2)*-1 + -2. Suppose 0 = 3*t - 6, d = 2*x - 7*x + t + 38. Calculate the remainder when x is divided by 3.
2
Let o(p) = 1 - 2 + 0*p**2 + 5*p + p**2. Let d be o(-6). Suppose 4*b - 3 = s - d, s = b + 8. Calculate the remainder when 18 is divided by s.
8
Let q(j) = j**2 + 16*j + 14. Calculate the remainder when 135 is divided by q(-19).
64
Let g be 1/((-2048)/684 - -3). Suppose s = -2*s + g. What is the remainder when s is divided by 29?
28
Suppose 0 = -2*s - 2*s + 76. Let r be 145*2*(-1)/5. Let b = r + 95. What is the remainder when b is divided by s?
18
Suppose 2*v + 47 - 181 = 0. Let t = 146 - v. Calculate the remainder when t is divided by 20.
19
Let v be 15/(-1 - 21/(-12)). Suppose 0 = -0*q + 4*q - v. Suppose y + 4*y + 18 = -d, -10 = 3*d + 4*y. What is the remainder when q is divided by d?
1
Let a(z) be the first derivative of 2 - 4/3*z**3 - 1/4*z**4 - 5/2*z**2 - 2*z. What is the remainder when 52 is divided by a(-4)?
16
Let l = -9 + 33. Suppose -5*d + 3*d = -l. Calculate the remainder when 34 is divided by d.
10
Let a(k) = 16*k**2 - 2*k + 1. Calculate the remainder when a(2) is divided by 8.
5
Suppose -8 = -3*v + 7. Suppose 3*l + 156 = v*q, -3*q = -5*l - 48 - 52. Calculate the remainder when q is divided by 16.
14
Suppose 3*z - 20 = -2*z. What is the remainder when 7 is divided by z?
3
Let y = 46 + -4. What is the remainder when y is divided by 22?
20
Let v(s) = 8*s**2 + 2*s**3 - 4*s - 7 - s**3 - 2*s**3. What is the remainder when v(6) is divided by 14?
13
Suppose -2*w + 0*q - 3*q = -98, -5*w + 224 = -3*q. What is the remainder when w is divided by 17?
12
What is the remainder when (-3 - 2)*(1 - 10) is divided by 12?
9
Let m = 10 + 41. Calculate the remainder when m is divided by 13.
12
Let z = -42 + 71. Let x = 0 + 3. Suppose -2*j + x*j - 10 = 0. What is the remainder when z is divided by j?
9
Suppose -z + 18 = -0. Suppose v - 3*m + 2*m - 11 = 0, -z = -3*v - 2*m. Calculate the remainder when 2/v + (-117)/(-12) is divided by 4.
2
Let s = -2 + 7. Calculate the remainder when s is divided by 4.
1
Suppose 7 + 1 = 4*h. Suppose 4*n + m = 16 + 2, -5*n - h*m + 24 = 0. What is the remainder when 7 is divided by n?
3
Calculate the remainder when 262 is divided by (72/(-21))/(3/21*-1).
22
Let i(t) = -t + 0*t**2 - 3*t**2 + 2 - 1. Let a be i(1). Calculate the remainder when 31 is divided by (1/a)/(2/(-66)).
9
Suppose -61 = 7*s - 222. Calculate the remainder when s is divided by 14.
9
Let l = 21 - 9. What is the remainder when (-2)/(-6) + 464/l is divided by 20?
19
Suppose 3*w + 5*h - 40 + 16 = 0, 4*w + 4*h = 40. Let q be (3 - (-2)/(-4))*4. Suppose i - 3*i + q = 0. Calculate the remainder when w is divided by i.
3
Let n = 9 - 38. Let w = n + 33. Calculate the remainder when 6 is divided by w.
2
Let q(b) = b - 8. Let c be q(2). Let h(g) = g**2 - 2*g + 8. Calculate the remainder when h(c) is divided by 19.
18
Let r(z) = -z**3 - 6*z**2 + 7*z + 9. Calculate the remainder when 24 is divided by r(-7).
6
Let x = -45 - -92. Calculate the remainder when x is divided by 17.
13
Suppose 3*z = 2*n - 25, -4*z = n - 0*n + 15. Suppose -2*l = -j + 62 - 23, -2*l - n*j - 33 = 0. Calculate the remainder when (l/4)/((-2)/8) is divided by 7.
5
Let d(z) be the first derivative of 2*z**2 - 2*z - 1. Let m(f) = f + 14. Calculate the remainder when m(5) is divided by d(3).
9
Suppose -23 + 88 = 5*g. Calculate the remainder when g is divided by 6.
1
Let r(j) = -j**3 - 2*j**2 - j - 1. Calculate the remainder when 29 is divided by r(-3).
7
Let q = 8 + 20. Let j(v) = v**3 + 11*v**2 - 14*v - 9. What is the remainder when q is divided by j(-12)?
13
Suppose -2*n - 5*j - 88 = 0, 2 = -3*j + 2*j. Let z = n + 56. Calculate the remainder when z is divided by 9.
8
Let p be (-24)/9*15/(-2). Suppose 4*q - p = -8. Suppose -q*c + 6*c - 24 = 0. Calculate the remainder when 15 is divide